ded by 51?
48
What is the remainder when 322 is divided by 49?
28
What is the remainder when 10509 is divided by 36?
33
Calculate the remainder when 6884 is divided by 229.
14
Calculate the remainder when 26 is divided by 16.
10
What is the remainder when 1575 is divided by 20?
15
What is the remainder when 140 is divided by 42?
14
What is the remainder when 29 is divided by 12?
5
Calculate the remainder when 385 is divided by 167.
51
What is the remainder when 279 is divided by 19?
13
Calculate the remainder when 435 is divided by 140.
15
What is the remainder when 4377 is divided by 88?
65
What is the remainder when 1747 is divided by 4?
3
Calculate the remainder when 364 is divided by 116.
16
Calculate the remainder when 475 is divided by 14.
13
What is the remainder when 5246 is divided by 16?
14
Calculate the remainder when 459 is divided by 18.
9
Calculate the remainder when 298 is divided by 20.
18
Calculate the remainder when 195 is divided by 45.
15
What is the remainder when 3867 is divided by 133?
10
What is the remainder when 177 is divided by 39?
21
What is the remainder when 25 is divided by 5?
0
Calculate the remainder when 1467 is divided by 122.
3
What is the remainder when 144 is divided by 30?
24
Calculate the remainder when 262 is divided by 44.
42
Calculate the remainder when 4550 is divided by 123.
122
Calculate the remainder when 498 is divided by 20.
18
What is the remainder when 868 is divided by 284?
16
What is the remainder when 125 is divided by 10?
5
Calculate the remainder when 5513 is divided by 6.
5
Calculate the remainder when 768 is divided by 150.
18
What is the remainder when 13274 is divided by 20?
14
Calculate the remainder when 2535 is divided by 41.
34
Calculate the remainder when 198 is divided by 80.
38
What is the remainder when 414 is divided by 76?
34
What is the remainder when 63 is divided by 28?
7
Calculate the remainder when 1051 is divided by 283.
202
Calculate the remainder when 238 is divided by 62.
52
What is the remainder when 125 is divided by 43?
39
Calculate the remainder when 3778 is divided by 9.
7
What is the remainder when 1804 is divided by 10?
4
Calculate the remainder when 1449 is divided by 58.
57
Calculate the remainder when 185 is divided by 111.
74
What is the remainder when 315 is divided by 32?
27
What is the remainder when 645 is divided by 38?
37
What is the remainder when 255 is divided by 26?
21
Calculate the remainder when 674 is divided by 174.
152
What is the remainder when 29 is divided by 21?
8
What is the remainder when 716 is divided by 183?
167
What is the remainder when 1279 is divided by 21?
19
What is the remainder when 39 is divided by 3?
0
Calculate the remainder when 1650 is divided by 59.
57
What is the remainder when 3146 is divided by 21?
17
What is the remainder when 829 is divided by 106?
87
Calculate the remainder when 2928 is divided by 415.
23
Calculate the remainder when 689 is divided by 27.
14
What is the remainder when 48 is divided by 22?
4
What is the remainder when 54 is divided by 23?
8
What is the remainder when 191 is divided by 94?
3
What is the remainder when 165 is divided by 12?
9
Calculate the remainder when 88 is divided by 41.
6
What is the remainder when 880 is divided by 106?
32
Calculate the remainder when 420 is divided by 32.
4
Calculate the remainder when 753 is divided by 27.
24
Calculate the remainder when 3862 is divided by 8.
6
Calculate the remainder when 59 is divided by 33.
26
What is the remainder when 1026 is divided by 13?
12
Calculate the remainder when 2398 is divided by 24.
22
Calculate the remainder when 108 is divided by 21.
3
Calculate the remainder when 473 is divided by 429.
44
What is the remainder when 531 is divided by 67?
62
What is the remainder when 856 is divided by 13?
11
What is the remainder when 1009 is divided by 79?
61
What is the remainder when 303 is divided by 75?
3
Calculate the remainder when 1708 is divided by 275.
58
Calculate the remainder when 5545 is divided by 59.
58
Calculate the remainder when 356 is divided by 10.
6
Calculate the remainder when 9079 is divided by 5.
4
Calculate the remainder when 641 is divided by 26.
17
Calculate the remainder when 39 is divided by 14.
11
What is the remainder when 14308 is divided by 318?
316
Calculate the remainder when 224 is divided by 7.
0
Calculate the remainder when 1167 is divided by 463.
241
What is the remainder when 1006 is divided by 21?
19
Calculate the remainder when 154 is divided by 32.
26
What is the remainder when 149 is divided by 11?
6
What is the remainder when 40 is divided by 15?
10
Calculate the remainder when 173 is divided by 75.
23
What is the remainder when 1016 is divided by 21?
8
Calculate the remainder when 98 is divided by 69.
29
What is the remainder when 49 is divided by 7?
0
What is the remainder when 908 is divided by 194?
132
What is the remainder when 253 is divided by 68?
49
What is the remainder when 738 is divided by 53?
49
Calculate the remainder when 142 is divided by 130.
12
Calculate the remainder when 114 is divided by 64.
50
Calculate the remainder when 4360 is divided by 2172.
16
Calculate the remainder when 4508 is divided by 48.
44
What is the remainder when 213 is divided by 42?
3
What is the remainder when 748 is divided by 33?
22
What is the remainder when 25917 is divided by 180?
177
What is the remainder when 101 is divided by 79?
22
What is the remainder when 98 is divided by 21?
14
Calculate the remainder when 533 is divided by 18.
11
What is the remainder when 76 is divided by 50?
26
What is the remainder when 188 is divided by 57?
17
Calculate the remainder when 426 is divided by 10.
6
What is the remainder when 3317 is divided by 41?
37
Calculate the remainder when 419 is divided by 60.
59
Calculate the remainder when 1940 is divided by 54.
50
Calculate the remainder when 2403 is divided by 159.
18
Calculate the remainder when 76 is divided by 12.
4
What is the remainder when 5 is divided by 4?
1
What is the remainder when 14 is divided by 10?
4
Calculate the remainder when 2616 is divided by 34.
32
Calculate the remainder when 1941 is divided by 386.
11
What is the remainder when 97 is divided by 9?
7
Calculate the remainder when 4445 is divided by 57.
56
Calculate the remainder when 1424 is divided by 10.
4
What is the remainder when 621 is divided by 102?
9
What is the remainder when 71 is divided by 56?
15
What is the remainder when 317 is divided by 235?
82
What is the remainder when 557 is divided by 265?
27
Calculate the remainder when 382 is divided by 175.
32
Calculate the remainder when 3072 is divided by 385.
377
What is the remainder when 4643 is divided by 101?
98
Calculate the remainder when 403 is divided by 3.
1
What is the remainder when 1453 is divided by 163?
149
Calculate the remainder when 193 is divided by 100.
93
What is the remainder when 417 is divided by 15?
12
What is the remainder when 653 is divided by 82?
79
Calculate the remainder when 4424 is divided by 59.
58
What is the remainder when 1853 is divided by 616?
5
Calculate the remainder when 92 is divided by 5.
2
Calculate the remainder when 569 is divided by 22.
19
What is the remainder when 3787 is divided by 48?
43
What is the remainder when 8274 is divided by 180?
174
What is the remainder when 17013 is divided by 230?
223
Calculate the remainder when 1000 is divided by 208.
168
What is the remainder when 98 is divided by 78?
20
What is the remainder when 211 is divided by 5?
1
What is the remainder when 509 is divided by 185?
139
Calculate the remainder when 372 is divided by 59.
18
Calculate the remainder when 209 is divided by 153.
56
What is the remainder when 4749 is divided by 176?
173
What is the remainder when 12876 is divided by 112?
108
Calculate the remainder when 383 is divided by 12.
11
Calculate the remainder when 62 is divided by 32.
30
Calculate the remainder when 1079 is divided by 278.
245
What is the remainder when 118 is divided by 7?
6
What is the remainder when 298 is divided by 50?
48
Calculate the remainder when 136 is divided by 5.
1
What is the remainder when 1241 is divided by 56?
9
What is the remainder when 421 is divided by 67?
19
What is the remainder when 459 is divide